{"id":157,"date":"2025-06-23T16:02:14","date_gmt":"2025-06-23T14:02:14","guid":{"rendered":"https:\/\/becker-sport.pl\/?page_id=157"},"modified":"2026-02-01T13:09:11","modified_gmt":"2026-02-01T12:09:11","slug":"kontakt","status":"publish","type":"page","link":"https:\/\/becker-sport.pl\/index.php\/kontakt\/","title":{"rendered":"Kontakt"},"content":{"rendered":"\n<div class=\"wp-block-group is-layout-constrained wp-container-core-group-is-layout-ce858a97 wp-block-group-is-layout-constrained\" style=\"margin-top:0;margin-bottom:0;padding-top:0px;padding-right:20px;padding-bottom:0px;padding-left:20px\">\n<div class=\"wp-block-group is-layout-constrained wp-block-group-is-layout-constrained\">\n<div class=\"wp-block-columns is-layout-flex wp-container-core-columns-is-layout-0fdf43c2 wp-block-columns-is-layout-flex\">\n<div class=\"wp-block-column is-vertically-aligned-center is-layout-flow wp-block-column-is-layout-flow\" style=\"padding-right:var(--wp--preset--spacing--40);padding-left:var(--wp--preset--spacing--40)\">\n<div class=\"wp-block-group is-content-justification-space-between is-layout-flex wp-container-core-group-is-layout-898b5bc6 wp-block-group-is-layout-flex\" style=\"margin-top:0;margin-bottom:0;padding-bottom:30px\">\n<h2 class=\"wp-block-heading wp-container-content-432d1f4f\">Skontaktuj si\u0119 z nami<\/h2>\n\n\n\n<p class=\"wp-container-content-6511ad4a\">Masz pytania, chcesz pozna\u0107 szczeg\u00f3\u0142y oferty lub nawi\u0105za\u0107 wsp\u00f3\u0142prac\u0119? Jeste\u015bmy do Twojej dyspozycji \u2013 zesp\u00f3\u0142 Becker Sport Equestrian Center z przyjemno\u015bci\u0105 odpowie na Twoj\u0105 wiadomo\u015b\u0107.<\/p>\n<\/div>\n\n\n\n<div class=\"wp-block-group is-layout-constrained wp-block-group-is-layout-constrained\">\n<details class=\"wp-block-details has-medium-font-size is-layout-flow wp-block-details-is-layout-flow\" style=\"border-top-style:none;border-top-width:0px;border-right-style:none;border-right-width:0px;border-bottom-color:#d1d1d1;border-bottom-width:1px;border-left-style:none;border-left-width:0px;padding-top:0;padding-right:0;padding-bottom:18px;padding-left:0;font-style:normal;font-weight:400\" open><summary>Sekcja je\u017adziecka<\/summary>\n<p class=\"has-text-align-left has-ast-global-color-0-color has-text-color has-link-color wp-elements-55647a61c63066085ac7963892538e0c\" style=\"margin-bottom:var(--wp--preset--spacing--20);font-size:16px;font-style:normal;font-weight:600\">Paulina Ga\u0142\u0105zka<\/p>\n\n\n\n<p style=\"margin-top:0;margin-bottom:0;padding-top:0;padding-bottom:0;font-size:16px\">(+48) 605 891 110<\/p>\n\n\n\n<div style=\"height:10px\" aria-hidden=\"true\" class=\"wp-block-spacer\"><\/div>\n<\/details>\n\n\n\n<details class=\"wp-block-details has-medium-font-size is-layout-flow wp-block-details-is-layout-flow\" style=\"border-top-style:none;border-top-width:0px;border-right-style:none;border-right-width:0px;border-bottom-color:#d1d1d1;border-bottom-width:1px;border-left-style:none;border-left-width:0px;padding-top:0;padding-right:0;padding-bottom:18px;padding-left:0;font-style:normal;font-weight:400\"><summary>Pensjonat<\/summary>\n<p class=\"has-text-align-left has-ast-global-color-0-color has-text-color has-link-color wp-elements-f1ce46d635de141730f0d81f9fde7fec\" style=\"margin-bottom:var(--wp--preset--spacing--20);font-size:16px;font-style:normal;font-weight:600\">Monika Becker<\/p>\n\n\n\n<p style=\"margin-top:0;margin-bottom:0;padding-top:0;padding-bottom:0;font-size:16px\">(+48) 600 747 544<\/p>\n\n\n\n<p style=\"margin-top:0;margin-bottom:0;padding-top:0;padding-bottom:0;font-size:16px\">mb@becker-sport.pl<\/p>\n\n\n\n<div style=\"height:10px\" aria-hidden=\"true\" class=\"wp-block-spacer\"><\/div>\n<\/details>\n\n\n\n<details class=\"wp-block-details has-medium-font-size is-layout-flow wp-block-details-is-layout-flow\" style=\"border-top-style:none;border-top-width:0px;border-right-style:none;border-right-width:0px;border-bottom-color:#d1d1d1;border-bottom-width:1px;border-left-style:none;border-left-width:0px;padding-top:0;padding-right:0;padding-bottom:18px;padding-left:0;font-style:normal;font-weight:400\"><summary>Obozy je\u017adzieckie<\/summary>\n<p class=\"has-text-align-left has-ast-global-color-0-color has-text-color has-link-color wp-elements-f1ce46d635de141730f0d81f9fde7fec\" style=\"margin-bottom:var(--wp--preset--spacing--20);font-size:16px;font-style:normal;font-weight:600\">Monika Becker<\/p>\n\n\n\n<p style=\"margin-top:0;margin-bottom:0;padding-top:0;padding-bottom:0;font-size:16px\">(+48) 600 747 544<\/p>\n\n\n\n<p style=\"margin-top:0;margin-bottom:0;padding-top:0;padding-bottom:0;font-size:16px\">mb@becker-sport.pl<\/p>\n\n\n\n<div style=\"height:10px\" aria-hidden=\"true\" class=\"wp-block-spacer\"><\/div>\n<\/details>\n\n\n\n<details class=\"wp-block-details has-medium-font-size is-layout-flow wp-block-details-is-layout-flow\" style=\"border-top-style:none;border-top-width:0px;border-right-style:none;border-right-width:0px;border-bottom-color:#d1d1d1;border-bottom-width:1px;border-left-style:none;border-left-width:0px;padding-top:0;padding-right:0;padding-bottom:18px;padding-left:0;font-style:normal;font-weight:400\"><summary>Wolontariat i praktyki<\/summary>\n<p class=\"has-text-align-left has-ast-global-color-0-color has-text-color has-link-color wp-elements-f1ce46d635de141730f0d81f9fde7fec\" style=\"margin-bottom:var(--wp--preset--spacing--20);font-size:16px;font-style:normal;font-weight:600\">Monika Becker<\/p>\n\n\n\n<p style=\"margin-top:0;margin-bottom:0;padding-top:0;padding-bottom:0;font-size:16px\">(+48) 600 747 544<\/p>\n\n\n\n<p style=\"margin-top:0;margin-bottom:0;padding-top:0;padding-bottom:0;font-size:16px\">mb@becker-sport.pl<\/p>\n\n\n\n<div style=\"height:10px\" aria-hidden=\"true\" class=\"wp-block-spacer\"><\/div>\n<\/details>\n\n\n\n<details class=\"wp-block-details has-medium-font-size is-layout-flow wp-block-details-is-layout-flow\" style=\"border-top-style:none;border-top-width:0px;border-right-style:none;border-right-width:0px;border-bottom-color:#d1d1d1;border-bottom-style:none;border-bottom-width:0px;border-left-style:none;border-left-width:0px;padding-top:0;padding-right:0;padding-bottom:18px;padding-left:0;font-style:normal;font-weight:400\"><summary>Wsp\u00f3\u0142praca, sponsoring<\/summary>\n<p class=\"has-text-align-left has-ast-global-color-0-color has-text-color has-link-color wp-elements-f1ce46d635de141730f0d81f9fde7fec\" style=\"margin-bottom:var(--wp--preset--spacing--20);font-size:16px;font-style:normal;font-weight:600\">Monika Becker<\/p>\n\n\n\n<p style=\"margin-top:0;margin-bottom:0;padding-top:0;padding-bottom:0;font-size:16px\">(+48) 600 747 544<\/p>\n\n\n\n<p style=\"margin-top:0;margin-bottom:0;padding-top:0;padding-bottom:0;font-size:16px\">mb@becker-sport.pl<\/p>\n\n\n\n<div style=\"height:10px\" aria-hidden=\"true\" class=\"wp-block-spacer\"><\/div>\n<\/details>\n<\/div>\n<\/div>\n\n\n\n<div class=\"wp-block-column is-vertically-aligned-top is-layout-flow wp-block-column-is-layout-flow\">\n<div class=\"wp-block-cover is-light hoverImageWrapper\" style=\"border-radius:10px;min-height:800px;aspect-ratio:unset;\"><img loading=\"lazy\" decoding=\"async\" width=\"1620\" height=\"1080\" class=\"wp-block-cover__image-background wp-image-1805 size-full\" alt=\"\" src=\"https:\/\/becker-sport.pl\/wp-content\/uploads\/2025\/08\/BeckerSport11.jpg\" style=\"object-position:55% 50%\" data-object-fit=\"cover\" data-object-position=\"55% 50%\" srcset=\"https:\/\/becker-sport.pl\/wp-content\/uploads\/2025\/08\/BeckerSport11.jpg 1620w, https:\/\/becker-sport.pl\/wp-content\/uploads\/2025\/08\/BeckerSport11-300x200.jpg 300w, https:\/\/becker-sport.pl\/wp-content\/uploads\/2025\/08\/BeckerSport11-1024x683.jpg 1024w, https:\/\/becker-sport.pl\/wp-content\/uploads\/2025\/08\/BeckerSport11-768x512.jpg 768w, https:\/\/becker-sport.pl\/wp-content\/uploads\/2025\/08\/BeckerSport11-100x67.jpg 100w, https:\/\/becker-sport.pl\/wp-content\/uploads\/2025\/08\/BeckerSport11-1536x1024.jpg 1536w\" sizes=\"auto, (max-width: 1620px) 100vw, 1620px\" \/><span aria-hidden=\"true\" class=\"wp-block-cover__background has-background-dim-0 has-background-dim\" style=\"background-color:#564e4f\"><\/span><div class=\"wp-block-cover__inner-container is-layout-constrained wp-block-cover-is-layout-constrained\">\n<p class=\"has-text-align-center has-large-font-size\"><\/p>\n<\/div><\/div>\n<\/div>\n<\/div>\n<\/div>\n<\/div>\n\n\n\n<div class=\"wp-block-columns is-layout-flex wp-container-core-columns-is-layout-0fdf43c2 wp-block-columns-is-layout-flex\">\n<div class=\"wp-block-column is-vertically-aligned-center is-layout-flow wp-block-column-is-layout-flow\">\n<div class=\"wp-block-group is-content-justification-space-between is-layout-flex wp-container-core-group-is-layout-77e5ca98 wp-block-group-is-layout-flex\" style=\"margin-top:0;margin-bottom:0;padding-top:var(--wp--preset--spacing--40);padding-right:0;padding-bottom:30px;padding-left:0\">\n<h2 class=\"wp-block-heading wp-container-content-432d1f4f\">Adres<\/h2>\n\n\n\n<p class=\"wp-container-content-6511ad4a\">ul. Magnolii 2a <br>96-321 Kale\u0144-Towarzystwo <br>Gmina \u017babia Wola<\/p>\n<\/div>\n\n\n\n<iframe src=\"https:\/\/www.google.com\/maps\/embed?pb=!1m18!1m12!1m3!1d9821.579045985367!2d20.67975541275077!3d52.01790576543134!2m3!1f0!2f0!3f0!3m2!1i1024!2i768!4f13.1!3m3!1m2!1s0x4719395e7eed44c3%3A0x4101477f9bfcb092!2sBecker%20Sport%20Equestrian%20Center%20-%20Stajnia%20Sportowa!5e0!3m2!1spl!2spl!4v1761314509781!5m2!1spl!2spl\" width=\"100%\" height=\"400px\" style=\"border:0;\" allowfullscreen=\"\" loading=\"lazy\" referrerpolicy=\"no-referrer-when-downgrade\"><\/iframe>\n<\/div>\n<\/div>\n","protected":false},"excerpt":{"rendered":"<p>Skontaktuj si\u0119 z nami Masz pytania, chcesz pozna\u0107 szczeg\u00f3\u0142y oferty lub nawi\u0105za\u0107 wsp\u00f3\u0142prac\u0119? Jeste\u015bmy do Twojej dyspozycji \u2013 zesp\u00f3\u0142 Becker [&hellip;]<\/p>\n","protected":false},"author":1,"featured_media":0,"parent":0,"menu_order":0,"comment_status":"closed","ping_status":"closed","template":"","meta":{"site-sidebar-layout":"default","site-content-layout":"","ast-site-content-layout":"default","site-content-style":"default","site-sidebar-style":"default","ast-global-header-display":"","ast-banner-title-visibility":"","ast-main-header-display":"","ast-hfb-above-header-display":"","ast-hfb-below-header-display":"","ast-hfb-mobile-header-display":"","site-post-title":"","ast-breadcrumbs-content":"","ast-featured-img":"","footer-sml-layout":"","ast-disable-related-posts":"","theme-transparent-header-meta":"","adv-header-id-meta":"","stick-header-meta":"","header-above-stick-meta":"","header-main-stick-meta":"","header-below-stick-meta":"","astra-migrate-meta-layouts":"default","ast-page-background-enabled":"default","ast-page-background-meta":{"desktop":{"background-color":"var(--ast-global-color-5)","background-image":"","background-repeat":"repeat","background-position":"center center","background-size":"auto","background-attachment":"scroll","background-type":"","background-media":"","overlay-type":"","overlay-color":"","overlay-opacity":"","overlay-gradient":""},"tablet":{"background-color":"","background-image":"","background-repeat":"repeat","background-position":"center center","background-size":"auto","background-attachment":"scroll","background-type":"","background-media":"","overlay-type":"","overlay-color":"","overlay-opacity":"","overlay-gradient":""},"mobile":{"background-color":"","background-image":"","background-repeat":"repeat","background-position":"center center","background-size":"auto","background-attachment":"scroll","background-type":"","background-media":"","overlay-type":"","overlay-color":"","overlay-opacity":"","overlay-gradient":""}},"ast-content-background-meta":{"desktop":{"background-color":"var(--ast-global-color-4)","background-image":"","background-repeat":"repeat","background-position":"center center","background-size":"auto","background-attachment":"scroll","background-type":"","background-media":"","overlay-type":"","overlay-color":"","overlay-opacity":"","overlay-gradient":""},"tablet":{"background-color":"var(--ast-global-color-4)","background-image":"","background-repeat":"repeat","background-position":"center center","background-size":"auto","background-attachment":"scroll","background-type":"","background-media":"","overlay-type":"","overlay-color":"","overlay-opacity":"","overlay-gradient":""},"mobile":{"background-color":"var(--ast-global-color-4)","background-image":"","background-repeat":"repeat","background-position":"center center","background-size":"auto","background-attachment":"scroll","background-type":"","background-media":"","overlay-type":"","overlay-color":"","overlay-opacity":"","overlay-gradient":""}},"footnotes":""},"class_list":["post-157","page","type-page","status-publish","hentry"],"_links":{"self":[{"href":"https:\/\/becker-sport.pl\/index.php\/wp-json\/wp\/v2\/pages\/157","targetHints":{"allow":["GET"]}}],"collection":[{"href":"https:\/\/becker-sport.pl\/index.php\/wp-json\/wp\/v2\/pages"}],"about":[{"href":"https:\/\/becker-sport.pl\/index.php\/wp-json\/wp\/v2\/types\/page"}],"author":[{"embeddable":true,"href":"https:\/\/becker-sport.pl\/index.php\/wp-json\/wp\/v2\/users\/1"}],"replies":[{"embeddable":true,"href":"https:\/\/becker-sport.pl\/index.php\/wp-json\/wp\/v2\/comments?post=157"}],"version-history":[{"count":49,"href":"https:\/\/becker-sport.pl\/index.php\/wp-json\/wp\/v2\/pages\/157\/revisions"}],"predecessor-version":[{"id":4672,"href":"https:\/\/becker-sport.pl\/index.php\/wp-json\/wp\/v2\/pages\/157\/revisions\/4672"}],"wp:attachment":[{"href":"https:\/\/becker-sport.pl\/index.php\/wp-json\/wp\/v2\/media?parent=157"}],"curies":[{"name":"wp","href":"https:\/\/api.w.org\/{rel}","templated":true}]}}